744275?
5, 7, 4253
List the prime factors of 221241.
3, 29, 2543
List the prime factors of 772828.
2, 7, 3943
What are the prime factors of 60189?
3, 20063
List the prime factors of 15329186.
2, 787, 9739
What are the prime factors of 9136502?
2, 113, 40427
List the prime factors of 320865.
3, 5, 21391
What are the prime factors of 19674152?
2, 691, 3559
List the prime factors of 4374325.
5, 37, 4729
List the prime factors of 429536.
2, 31, 433
List the prime factors of 827582.
2, 7, 59113
List the prime factors of 23345816.
2, 13, 37, 6067
List the prime factors of 367526.
2, 183763
List the prime factors of 816502.
2, 408251
What are the prime factors of 2162610?
2, 3, 5, 24029
What are the prime factors of 664579?
664579
List the prime factors of 6103832.
2, 7, 23, 677
What are the prime factors of 16872980?
2, 5, 843649
What are the prime factors of 124888?
2, 67, 233
What are the prime factors of 418021?
131, 3191
List the prime factors of 127532.
2, 31883
List the prime factors of 195086.
2, 23, 4241
List the prime factors of 159357.
3, 11, 439
What are the prime factors of 456425?
5, 18257
What are the prime factors of 147600?
2, 3, 5, 41
List the prime factors of 13094437.
17, 770261
What are the prime factors of 2482591?
41, 151, 401
What are the prime factors of 1559979?
3, 19259
List the prime factors of 4070648.
2, 239, 2129
List the prime factors of 2203880.
2, 5, 7, 17, 463
List the prime factors of 46459.
7, 6637
What are the prime factors of 160083?
3, 7, 11
List the prime factors of 473717.
577, 821
List the prime factors of 785815.
5, 157163
List the prime factors of 11563932.
2, 3, 19, 67, 757
List the prime factors of 5033943.
3, 569, 983
What are the prime factors of 653373?
3, 7, 3457
What are the prime factors of 22406?
2, 17, 659
List the prime factors of 202298.
2, 101149
List the prime factors of 3434986.
2, 17, 31, 3259
List the prime factors of 2445734.
2, 61, 20047
What are the prime factors of 7395411?
3, 73, 33769
List the prime factors of 4932634.
2, 7, 50333
List the prime factors of 6314233.
79, 257, 311
What are the prime factors of 1235526?
2, 3, 17, 12113
What are the prime factors of 11486?
2, 5743
What are the prime factors of 12536141?
12536141
What are the prime factors of 3509045?
5, 31, 22639
List the prime factors of 32704.
2, 7, 73
What are the prime factors of 233630?
2, 5, 61, 383
List the prime factors of 469096.
2, 191, 307
What are the prime factors of 390230?
2, 5, 39023
List the prime factors of 66320.
2, 5, 829
List the prime factors of 1131542.
2, 565771
List the prime factors of 2852063.
29, 98347
What are the prime factors of 822593?
349, 2357
What are the prime factors of 11058924?
2, 3, 787, 1171
What are the prime factors of 1578743?
23, 83, 827
What are the prime factors of 883624?
2, 7, 31, 509
List the prime factors of 857380.
2, 5, 163, 263
List the prime factors of 23499.
3, 7, 373
What are the prime factors of 3439414?
2, 11, 127, 1231
List the prime factors of 7078441.
1439, 4919
List the prime factors of 8824703.
383, 23041
What are the prime factors of 6671650?
2, 5, 17, 47, 167
List the prime factors of 15304697.
349, 43853
List the prime factors of 240841.
240841
What are the prime factors of 1659?
3, 7, 79
What are the prime factors of 8569?
11, 19, 41
What are the prime factors of 956592?
2, 3, 7, 13, 73
What are the prime factors of 3410816?
2, 26647
What are the prime factors of 390912?
2, 3, 509
List the prime factors of 6232898.
2, 7, 63601
List the prime factors of 1534207.
1534207
What are the prime factors of 1138091?
1138091
What are the prime factors of 2794365?
3, 5, 7, 2957
List the prime factors of 10916048.
2, 11, 13, 367
List the prime factors of 204594.
2, 3, 13, 43, 61
What are the prime factors of 3082452?
2, 3, 61, 4211
List the prime factors of 436295.
5, 71, 1229
What are the prime factors of 56025?
3, 5, 83
List the prime factors of 151405.
5, 107, 283
List the prime factors of 1259969.
53, 23773
What are the prime factors of 3191524?
2, 7, 113983
List the prime factors of 59997.
3, 7, 2857
What are the prime factors of 1667612?
2, 73, 5711
What are the prime factors of 13753297?
131, 104987
What are the prime factors of 2096160?
2, 3, 5, 11, 397
List the prime factors of 150644.
2, 13, 2897
List the prime factors of 295026.
2, 3, 49171
What are the prime factors of 409852?
2, 79, 1297
List the prime factors of 7001762.
2, 1051, 3331
List the prime factors of 559186.
2, 279593
What are the prime factors of 245716?
2, 47, 1307
What are the prime factors of 76683?
3, 25561
List the prime factors of 354897.
3, 47, 839
What are the prime factors of 1010145?
3, 5, 67343
What are the prime factors of 136213?
7, 11, 29, 61
What are the prime factors of 960368?
2, 193, 311
List the prime factors of 115340.
2, 5, 73, 79
What are the prime factors of 281305?
5, 127, 443
List the prime factors of 327298.
2, 31, 5279
What are the prime factors of 1200117?
3, 23, 17393
What are the prime factors of 270894?
2, 3, 13, 23, 151
List the prime factors of 3429984.
2, 3, 35729
What are the prime factors of 648877?
109, 5953
List the prime factors of 31310738.
2, 15655369
What are the prime factors of 22417025?
5, 896681
List the prime factors of 571010.
2, 5, 11, 29, 179
List the prime factors of 2203337.
2203337
List the prime factors of 2894087.
7, 59063
List the prime factors of 17647722.
2, 3, 359, 2731
What are the prime factors of 2701909?
7, 67, 823
List the prime factors of 752506.
2, 37, 10169
What are the prime factors of 1423026?
2, 3, 11, 7187
List the prime factors of 12179824.
2, 53, 271
What are the prime factors of 2157380?
2, 5, 269, 401
What are the prime factors of 19294143?
3, 11, 43, 13597
List the prime factors of 300674.
2, 11, 79, 173
List the prime factors of 16348009.
23, 53, 13411
List the prime factors of 7130093.
31, 230003
List the prime factors of 321635.
5, 64327
List the prime factors of 168658.
2, 7, 1721
What are the prime factors of 5348172?
2, 3, 103, 4327
What are the prime factors of 135434?
2, 13, 5209
List the prime factors of 1281502.
2, 47, 13633
What are the prime factors of 16708964?
2, 653, 6397
List the prime factors of 264377.
241, 1097
List the prime factors of 32069149.
7, 4581307
List the prime factors of 404416.
2, 71, 89
List the prime factors of 1162169.
47, 79, 313
What are the prime factors of 3856546?
2, 389, 4957
What are the prime factors of 229390?
2, 5, 7, 29, 113
What are the prime factors of 488426?
2, 103, 2371
List the prime factors of 1318714.
2, 19, 34703
What are the prime factors of 15387?
3, 23, 223
List the prime factors of 23184649.
97, 239017
List the prime factors of 1142275.
5, 45691
List the prime factors of 1584458.
2, 792229
List the prime factors of 868179.
3, 13, 113, 197
List the prime factors of 407218.
2, 7, 17, 29, 59
What are the prime factors of 12833269?
12833269
What are the prime factors of 26247574?
2, 157, 83591
What are the prime factors of 1547185?
5, 309437
What are the prime factors of 54571?
11, 41
List the prime factors of 1813319.
1813319
List the prime factors of 3352126.
2, 37, 97, 467
List the prime factors of 3724619.
31, 137, 877
List the prime factors of 57892.
2, 41, 353
What are the prime factors of 177921?
3, 53, 373
What are the prime factors of 10744?
2, 17, 79
What are the prime factors of 195011?
191, 1021
What are the prime factors of 55355?
5, 11071
List the prime factors of 1170879.
3, 277, 1409
List the prime factors of 809904.
2, 3, 47, 359
List the prime factors of 1890032.
2, 118127
List the prime factors of 598509.
3, 821
List the prime factors of 6264294.
2, 3, 31, 33679
List the prime factors of 238859.
238859
What are the prime factors of 1216026?
2, 3, 7, 3217
List the prime factors of 2358801.
3, 17, 571
What are the prime factors of 13496?
2, 7, 241
List the prime factors of 462378.
2, 3, 7, 101, 109
List the prime factors of 339560.
2, 5, 13, 653
What are the prime factors of 1778248?
2, 19, 11699
What are the prime factors of 2420111?
2420111
List the prime factors of 10024570.
2, 5, 1002457
List the prime factors of 3960873.
3, 7, 19, 1103
List the prime factors of 715247.
13, 37, 1487
List the prime factors of 18562.
2, 9281
What are the pr